- 487, 4*w = 4*j - j + 493. What is the hundreds digit of w?
1
Let l = 322 + -151. What is the units digit of l?
1
Suppose -47 = -6*x + 331. What is the tens digit of x?
6
Let u(q) = q**2 - 2*q + 6. Let w be u(5). Suppose -p = 1 - w. What is the units digit of p?
0
Suppose -1 = v + 5. Let n = -5 - v. What is the units digit of n?
1
Let i = -5 + 2. Let x(k) = 6*k + 1. Let h(a) = -a**2 + 13*a + 1. Let f(y) = -2*h(y) + 5*x(y). What is the units digit of f(i)?
9
What is the tens digit of 14/35 + 4/(-10) + 11?
1
Suppose 3*o = -h + 6, -5*h - 24 = -4*o + 3. Suppose -o*s - 16 + 88 = 0. What is the units digit of s?
4
Let d(t) = -7*t + 6. Let r(o) = 15*o - 13. Let g(p) = -5*d(p) - 2*r(p). Let q = 18 - 13. What is the tens digit of g(q)?
2
Let p = -29 - 39. What is the units digit of (p/6)/(2/(-6))?
4
Let q(y) = -y**2 - 20*y - 21. What is the units digit of q(-17)?
0
Suppose 0 = 3*b, -4*q - 3*b + 8 = -b. Suppose -q*c - 2*u = -130, 2*c + u - 55 = 70. Suppose y = 2*h + h + 8, -5*y + c = 5*h. What is the units digit of y?
1
Suppose 0 = -2*t + 2*n + 310, -3*t + 5*n = -8*t + 825. What is the units digit of t?
0
Let j be (-108)/(-16) - 1/(-4). Let r(p) = -p**3 + 6*p**2 + 9*p + 3. Let y be r(j). Suppose 3*q + 3*f = -f + y, 3*f = 2*q. What is the units digit of q?
3
Let b = -112 - -196. What is the tens digit of b?
8
Let o be 112/60 - 4/(-30). Let g be (4/(-12))/(2/6). Let i = o - g. What is the units digit of i?
3
Let q be -5 + 1*0/(-3). Let c = 10 + q. Suppose 5*x + 9 + 16 = c*p, 2*p - 10 = -4*x. What is the units digit of p?
5
Let k(w) = 5*w**2 + 10*w + 3. Let v(l) = 4*l**2 + 9*l + 3. Let x(j) = -3*k(j) + 4*v(j). Let h be x(-6). Suppose h*b + 1 = 7. What is the units digit of b?
2
Suppose -g = -4*g + 5*d + 29, -d = 4. What is the units digit of (-3)/9 + 16/g?
5
Let h(q) = -q**2 - 16*q + 5. What is the tens digit of h(-15)?
2
Suppose -3*t = -4*t + 1. Let y = t + 0. What is the units digit of 2 + y/(3/9)?
5
Let b(w) = -w**3 - 9*w**2 - 26*w - 14. What is the units digit of b(-9)?
0
Suppose 2*k - 14 = -0*k. What is the units digit of ((-1)/4)/(k/(-140))?
5
Let s(a) = -a**2 - 7*a + 2. Suppose -m + 21 = -3*g - 1, -5*g - 40 = -5*m. What is the units digit of s(g)?
2
Let b = 11 + -8. Suppose 4*n + 3*m + 12 = 0, 5*n + 15 = b*m - 0. What is the units digit of (-6 + 10)/((-2)/n)?
6
Suppose 4*z - 108 = -4*k, 0 = -5*k + 4*z + 52 + 38. Suppose -5*w + 3*p - p - 54 = 0, 32 = -4*w - 4*p. Let o = k + w. What is the units digit of o?
2
Let i(a) = a**2 + 11*a + 14. What is the units digit of i(-10)?
4
Let f = 24 + -14. Let v = f + -2. What is the units digit of (v/(-3))/(8/(-12))?
4
What is the tens digit of 1*(1 + 25)/2?
1
Suppose 4*v + 5*d = 0, 5*d = 3*v - 20 - 15. Suppose 3*k + 3*r + 57 - 204 = 0, 2*r + 224 = v*k. What is the tens digit of -2*(3 - k/4)?
1
Suppose 2*r + 5*s = 3*r - 104, -458 = -4*r - s. What is the units digit of r?
4
Let t(y) = y - 1. Let m(a) = 4. Let l(q) = m(q) + t(q). What is the units digit of l(5)?
8
Let s be (1 + -3)/(4 - 2). Let c(a) = -19*a**3 - 2*a**2 + 1. What is the units digit of c(s)?
8
Let m(l) = l - 2. Let d be m(9). Suppose 4*w = -d + 23. What is the units digit of w?
4
Suppose 0 = 4*k - 6*k + 96. What is the tens digit of k?
4
Suppose 0 = -v - 5 + 1, -21 = n + 5*v. Let k(g) = -g**3 - 7*g**2 - 8*g - 9. Let w be k(-6). What is the units digit of (n/w)/(2/(-12))?
2
Let n(v) = v + 1. Let o be n(4). Let k be o*(-7)/(105/(-36)). Let m = k - 5. What is the units digit of m?
7
Let s = -6 - -8. Let q be 0*2/(-2 - -4). Suppose q = -3*g - s*l - 2*l + 40, -2*g + 4*l = 0. What is the units digit of g?
8
Let m = -2 + 4. Suppose v + 4*v - 46 = -m*k, 4*v + 16 = 0. Suppose -3*i = 5*o - k - 0, 5*o - 3 = 2*i. What is the units digit of i?
6
Suppose 5*r + m = -4, -1 = -4*r + 5*m + 19. Suppose -2*l = b - 19, r*b = 2*b - 3*l - 10. What is the units digit of b?
1
Suppose -12*r = -16*r + 52. What is the tens digit of r?
1
Suppose -3*x + 19 = -140. What is the tens digit of x?
5
Let j(b) = 2*b**2 - 5*b + 20. What is the units digit of j(8)?
8
Let t be 6/(4/((-120)/(-9))). Suppose -2*r = -3*r + t. What is the units digit of r?
0
Let y = 3 - 3. Let n(u) = u + 1. Let h be n(2). Suppose y = h*t + 2*t - 10. What is the units digit of t?
2
Let d be (-5)/(-2)*(-12)/(-15). Suppose 0 = -6*v + d*v - 48. Let w = 24 + v. What is the units digit of w?
2
Let o(s) = -3*s + 2. What is the tens digit of o(-9)?
2
Let z(d) = -d - 5. Let n be z(-5). Suppose n = -3*k + 71 + 58. Suppose -k - 29 = -4*c. What is the tens digit of c?
1
Let k(n) = -n**3 - 5*n**2 + 2*n + 3. Let j be k(-4). Let d = -2 - j. What is the units digit of d?
9
Let x = -9 + 4. Let i(z) = 4*z - 7. Let r(k) = -9*k + 15. Let w(a) = x*i(a) - 2*r(a). What is the units digit of w(-4)?
3
Suppose 0 = -2*s + 3 - 9. What is the units digit of 9/s - -9*1?
6
Suppose -2*o + 51 = 3*i + 3*o, -2*i + 34 = o. Suppose -i - 10 = 3*y. Let g = y + 13. What is the units digit of g?
4
What is the tens digit of 195/6 - 6/4?
3
Let r be (-2)/6*2*-6. Suppose -r*g = -15 + 7. What is the units digit of g?
2
What is the tens digit of 3/(4 - (-246)/(-62))?
9
Let z(r) = r**3 + 6*r**2 - 8*r - 3. Let g be z(-7). Let l(a) = a**2 - 4. Let p be l(g). Let v = p + 8. What is the units digit of v?
0
Let s(i) = -4*i + 3 + 5*i - 4*i + 2. Let k be s(-6). Suppose 4*n - 9 - k = 0. What is the units digit of n?
8
Let s(n) = 3*n - 4. Let p(w) = -w + 1. Let k(f) = 21*p(f) + 6*s(f). Let h = 4 + -9. What is the tens digit of k(h)?
1
Let r be (6/5)/(3/50). Suppose 6 = 2*i + 2*k - 20, -4*k = -r. What is the units digit of i?
8
Suppose 2*i = -4 + 16. Suppose -2*s + i*m - 3*m = -6, -s - m = -8. What is the units digit of s?
6
Suppose 0 = -3*z - 0*z - 3. What is the units digit of (-128)/(-40) + z/5?
3
Let t(p) = -2*p**3 + p**2 - 2*p. Let c be t(-2). Suppose -5*v - 10 = 0, c = o - 4*v + 3*v. What is the units digit of o?
2
Suppose -4*h = -0*h - 636. Suppose 0 = 7*l - 4*l - h. What is the units digit of l?
3
Suppose -5*l - 7 + 19 = 4*a, 3*a - 14 = -5*l. What is the tens digit of 144/l + 1 + 0?
3
Suppose 0 = 2*o - 5*u + 4 - 12, 0 = 2*o - 2*u - 2. Let k(y) = 23*y**2 + 3*y + 2. What is the tens digit of k(o)?
2
Let n(p) = -p**2 + 11*p + 7. Let b(h) = -h**3 + 7*h**2 - 4*h - 2. Let u be b(6). Suppose 3*z - 23 = 2*l + u, -5*z = 4*l - 55. What is the units digit of n(z)?
7
What is the hundreds digit of (-4)/(5 - 0 - 3) + 209?
2
Suppose 28 = 3*a - 3*q - 461, 12 = 3*q. What is the hundreds digit of a?
1
Let n = 3 - 7. Let z = -10 - n. What is the units digit of ((-5)/2)/(3/z)?
5
Let m be (-15)/(-10)*-20*3. What is the units digit of ((-2)/(-5))/((-3)/m)?
2
Let o be 3/((6/14)/(-3)). Suppose -26 - 124 = 5*j. Let c = o - j. What is the units digit of c?
9
Suppose k + 54 = -38. What is the tens digit of k/(-9) + (-12)/54?
1
What is the tens digit of (-150)/(-4) + (-4)/(-8)?
3
Let n = -249 - -524. What is the tens digit of n?
7
Let y(j) = -j**2 - 5*j + 5. What is the units digit of y(-4)?
9
Let p = 7 + -4. Suppose 10 = 2*v + 4*w, 3*v - 2*w = -p*w + 25. What is the units digit of v?
9
Suppose -s + 6 + 1 = 0. Suppose -3*b - 136 = -s*b. What is the units digit of b?
4
Suppose -4*r + 231 + 701 = 0. What is the tens digit of r?
3
Let l be (-2)/10 - (-268)/(-10). What is the units digit of (-264)/l + (-6)/(-27)?
0
Let g(f) = f + 12. Let k be g(-9). Suppose 1 + k = d. Suppose -d*i - 15 = -q, 5*q - 3*i - 27 = 2*q. What is the units digit of q?
7
Let u be (4/16)/((-3)/(-36)). Let x = u + 4. What is the units digit of x?
7
Let a = -12 + 14. Suppose -3*s - 112 = -4*t, a*t + s - 159 = -3*t. What is the units digit of t?
1
Let u(a) = -6*a**3 - 5*a**2 - 5*a - 4. What is the hundreds digit of u(-3)?
1
Let v be 8/6*3/2. Let k(q) = q + 1 - 4*q**2 + 3*q + 3*q**v. What is the units digit of k(3)?
4
Suppose -20 = -2*z + 3*v, -4*z = -2*v - 3*v - 36. Suppose -z + 2 = -2*r. What is the units digit of r?
1
Let u(t) = 3*t**2 - 5*t + 3. Let p be u(2). Suppose 80 = p*x + 5*y, 4*x - 46 = x - 2*y. What is the units digit of x?
4
Let z = -10 - -24. Let t = -5 + z. What is the units digit of t?
9
Let s(z) = -4*z + 4. Let k = 2 - 4. Let c(f) = -f**2 - 8*f + 9. Let r(y) = k*c(y) + 5*s(y). What is the units digit of r(2)?
2
Let i be ((-6)/(-9))/(2/(-3)). Suppose -3*t + 1 = -2*t. Let n = t - i. What is the units di